 What is the units digit of l(c)?
8
Suppose 4*v - 96 = v. Suppose 2*h + 2 = u - 2, 0 = 5*u - 4*h - v. What is the units digit of u?
8
Suppose 4*u + 0*m - 48 = m, -3*u - m + 29 = 0. Suppose -2*t - 5 = 1. Let q = t + u. What is the units digit of q?
8
Let w = -55 + 89. What is the units digit of w?
4
Let s = -8 - -5. Let t = s + 6. Suppose 0*l - 6 = -t*l. What is the units digit of l?
2
Suppose w - 6 = -w. Suppose 7 = w*r - 8. Suppose -2*a - 2*a = r*t - 47, -2*t + 4*a = -2. What is the units digit of t?
7
Let c = 8 + -14. Let u(a) = -3*a - 9. What is the units digit of u(c)?
9
Suppose 0 = -3*t + 5*q - 57, 3*q = -2*t - q - 16. Suppose 46 = -3*b + 5*b. Let o = b + t. What is the units digit of o?
9
What is the tens digit of (-56)/(-2) - (-6 + 8)?
2
Let n = 53 + -6. What is the tens digit of n?
4
Let t(b) = 22*b + 1. What is the tens digit of t(1)?
2
Let u(z) = z - 3. Let m be u(3). Suppose 5*y - 100 = -m*y. What is the tens digit of y?
2
Suppose -3*v + 6*v - 12 = 0. What is the units digit of v?
4
Let p be (-15)/(-1 + -3 - -3). Suppose t - p = -2. What is the tens digit of t?
1
Suppose 5*p = 81 + 124. What is the tens digit of p?
4
Let h(g) = g**3 - 10*g**2 - g + 13. Let f be h(10). Let x(s) = 4 + s**3 + f*s - 2*s + 4*s**2 + 1. What is the units digit of x(-4)?
1
Let g(x) = x - 2 - 9 + 1. What is the units digit of g(13)?
3
Suppose 0 = -3*c + 4*u + 261, 0 = 4*c + 2*u - 5*u - 341. What is the tens digit of c?
8
Let f = 187 - 134. What is the units digit of f?
3
Suppose 6*p - 13 = 5. What is the units digit of p?
3
Let v be 6/(-21) + (-18)/(-14). Suppose 6*a - 6 = a + j, 2*a = 2*j - 4. Let p = a - v. What is the units digit of p?
1
Let q(y) = -y + 27. What is the units digit of q(-12)?
9
Let q(k) = -k**2 + 9*k - 9. Let o be q(7). Let n be 374/o + 5/25. Suppose 2*v + 3*v - n = 0. What is the units digit of v?
5
Let l(s) = 3*s - 1. Let i be l(-4). Suppose m - 2*m + 4*b = 2, m - 13 = b. Let a = m + i. What is the units digit of a?
5
Suppose 0 = -5*k + k + 248. What is the units digit of k?
2
Let j be 1*(-4 + 3 - 2). Let q(h) = -h**2 - 6*h + 3. What is the tens digit of q(j)?
1
Let v = -2 + 2. Let p be 20 - (0 + v) - 1. Suppose 4*l + p = 4*j + 5*l, 5*j = 4*l + 50. What is the units digit of j?
6
Let h(j) be the second derivative of j**4/6 - 2*j**2 + 2*j. What is the tens digit of h(3)?
1
What is the hundreds digit of 30/90 + 2434/6?
4
Let y(c) = c**2 - 7*c + 9. Let t be y(6). Let s(d) = -d + 3. Let k be s(t). Suppose -7 = -r - k*r. What is the units digit of r?
7
What is the tens digit of (7/14)/((-2)/(-548))?
3
What is the units digit of 96/2 - 1*3/(-1)?
1
Let g(r) = 18*r + 31. What is the tens digit of g(10)?
1
Suppose -2*i + j + 70 = -3*j, -2*i + 106 = 5*j. What is the units digit of i?
3
Let o be (1 - 1)*(2 - 1). What is the units digit of -1 + o - -2 - -6?
7
Suppose -11 = -2*a - 51. Let z = 4 - a. What is the units digit of z?
4
Suppose -3*j + 2*u = j - 16, 0 = 2*u - 8. Let o(h) = -h**3 + 5*h**2 + 7*h - 1. What is the units digit of o(j)?
5
Let n be 0 - (-1)/(3/108). Suppose -4*h + 0 = -n. What is the units digit of h?
9
Suppose 4*b - 2 - 18 = 0. Suppose -l + 7 = -b*s - 21, -2*s = 0. What is the tens digit of l?
2
What is the units digit of 9/(-36) - (-113)/4?
8
What is the units digit of ((-16)/6)/((-22)/33)?
4
Let k = 0 + -1. Let c(h) = -7*h**3 + h. What is the units digit of c(k)?
6
Let g(h) = -5*h + 11. What is the tens digit of g(-4)?
3
Suppose 3*x - 2*g = -5*g + 12, -x = 5*g + 12. Let p = -12 + x. What is the units digit of (2/p)/((-3)/42)?
7
Let b(i) = -i - 12. Let v = -14 - -8. Let s be b(v). What is the units digit of -2*15/s + 2?
7
Suppose 5*r - 15 = w, -37 = -3*r - 2*w - 15. Let i = 0 - r. What is the units digit of (-1)/(-4) + (-35)/i?
9
Let y = -13 - -20. Let n = 2 + y. What is the units digit of n?
9
Let g = 421 - 229. What is the hundreds digit of g?
1
What is the tens digit of (-78)/(-273)*(582 - 1)?
6
Suppose -5*p - 5*u = -295, 43 = 3*p - 4*u - 99. What is the units digit of p?
4
Suppose 0 = -5*u - 3 + 108. Suppose y + 2*y + 2*b - 16 = 0, -5*b = -2*y - u. What is the units digit of y?
2
Let q(r) be the third derivative of r**6/30 - r**5/30 + r**4/12 - r**3/6 + r**2. Suppose -4*c + 6 = -2*g, -2 = -c - 0*c. What is the units digit of q(g)?
3
Suppose 44 = -l + 2*l. What is the units digit of l?
4
Let i(f) = -2*f + 3. Let u be i(5). Let r(l) = 3*l**2 + 15*l + 1. What is the tens digit of r(u)?
4
Let w = 1 - 2. Let s = w + 28. What is the tens digit of s?
2
Let u(s) = s**3 + 3*s**2 - s - 2. Let p be u(-3). Let j = 2 + p. Let m = j - 2. What is the units digit of m?
1
Let v be 2/(-7) + (-8)/(-28). Suppose -z + 12 = -v*z. What is the units digit of z?
2
Let v(g) be the first derivative of g**3/3 - 5*g**2/2 - 4*g + 7. What is the units digit of v(10)?
6
Let t(b) = b**3 + b**2 - 3*b + 7. What is the units digit of t(3)?
4
Suppose -2*v = -4*v + 4*f + 164, -v = 5*f - 89. What is the tens digit of v?
8
Let w = 15 - -33. What is the units digit of w?
8
Let r = 263 - 97. What is the tens digit of r?
6
Let f(x) = -13*x - 1. Let a be f(-1). Let j(u) = 22*u**2 + 4*u - 2. Let b be j(1). Let d = b - a. What is the tens digit of d?
1
Let y = -4 - -9. Suppose -4*u = 5*m - 11, y*m + u - 20 = 6*u. What is the units digit of (0 + m/(-6))*-12?
6
Suppose -3*o + 40 = -2*q + 3*q, 4*o - 5*q - 28 = 0. Suppose 3*y = 5*y - o. What is the units digit of y?
6
Let h(a) = -48*a + 2. What is the tens digit of h(-2)?
9
Let v = 59 - 30. What is the tens digit of v?
2
Suppose -d + 5*d - 64 = 0. What is the units digit of d?
6
Suppose -116 = -2*u - 6. What is the tens digit of u?
5
Suppose -4*h + 3*h = 3*w - 193, -4*h + 5*w + 704 = 0. What is the hundreds digit of h?
1
Let l(c) = 5*c - 6. Let r(f) = -f + 1. Let p(j) = l(j) + 6*r(j). Suppose 0 = 2*z - 1 + 13. What is the units digit of p(z)?
6
Let s = -227 + 412. What is the units digit of s?
5
Let i = -1 - -2. Let c be ((-13)/(-4))/(1/(-4)). What is the tens digit of (1 - 3 - c)/i?
1
What is the units digit of ((-15)/4)/(8/(-64))?
0
Suppose -52 = -n + w, n - 5*w = 3*n - 104. Let l = n - 37. What is the units digit of l?
5
Let k = 2 + 2. Let f = -1 + k. What is the units digit of f?
3
Suppose 0 = -6*n + 12 + 78. What is the tens digit of n?
1
Suppose d - 5*d = 5*x - 281, 5*x - 355 = -5*d. Let y be d/6 + 8/12. Suppose 3*p + m - y = -2*p, -p - 2*m + 8 = 0. What is the units digit of p?
2
Suppose -3*m = -7*m + 12, -50 = -5*j + 5*m. What is the units digit of j?
3
Suppose 10*u = 137 + 103. What is the units digit of u?
4
Suppose 13*q - 3 = 10*q. What is the units digit of q?
1
Let y(q) = q**3 - 10*q**2 + 4. Suppose 3*z = -2*z + 50. What is the units digit of y(z)?
4
Let i = -8 - -5. Let h = -2 - -8. Let l = h + i. What is the units digit of l?
3
Suppose -5*g + 270 = -5*c, 4*g - 141 = g - 4*c. What is the units digit of g?
1
Let c(l) = -l**3 + 10*l**2 - 13*l - 4. Let s be c(9). Let i = 72 + s. What is the tens digit of i?
3
What is the tens digit of (-56)/(-70) - (-786)/5?
5
Let k(a) = 4*a + 1. What is the units digit of k(7)?
9
Suppose -4*w = 3 - 7. Suppose -3*f - 3*z = -1 - 8, -f - w = -3*z. Suppose 5*c - 96 = -3*x + x, 46 = f*c - 3*x. What is the units digit of c?
0
Let m be 5/(-2)*24/(-30). What is the units digit of (273/14)/(m/4)?
9
Let r(l) = -l**2 + 8*l + 11. Let u be r(10). What is the units digit of -2*u/(-12)*-16?
4
Let g be 3 + ((-4)/(-1))/2. What is the tens digit of 1/g - (-128)/10?
1
Let n(p) be the first derivative of p**4/2 - p**2 + 3*p + 5. What is the tens digit of n(2)?
1
Suppose -5*l = p - 24, 0*l + 2*l + 2*p - 16 = 0. Suppose l*v - 105 = -25. What is the units digit of v?
0
Let x = -35 + 20. What is the tens digit of (-78)/x*(-5)/(-2)?
1
Let j(w) = w - 26. Let b be j(12). What is the units digit of (105/b)/(1/(-6))?
5
Let x(v) = -3*v**3. Let d be x(1). Let c = d + 7. Let b = 0 + c. What is the units digit of b?
4
Let k(j) = 2*j + 0*j - 3*j + 3. Let y be k(5). Let v = 6 - y. What is the units digit of v?
8
Let i = 0 + 6. Suppose -i = -5*k + 9, 0 = 4*f - 2*k - 46. What is the units digit of f?
3
Let v = 1 + -1. Suppose v = 2*g + g - 3. Let c = 7 - g. What is the units digit of c?
6
Suppose -l + 4*f + 111 = 0, -4*l + 193 + 186 = -3*f. What is the tens digit of l?
9
Let a = 5 + -9. Let q be 0*(-2)/a + 40.